{"id":16,"date":"2018-03-16T16:22:27","date_gmt":"2018-03-16T15:22:27","guid":{"rendered":"http:\/\/www.neko-san.eu\/?page_id=16"},"modified":"2020-03-28T10:51:02","modified_gmt":"2020-03-28T09:51:02","slug":"aux-candidats","status":"publish","type":"page","link":"https:\/\/www.neko-san.eu\/index.php\/aux-candidats\/","title":{"rendered":"Aux candidats"},"content":{"rendered":"<p>Faites d\u00e9coller votre carri\u00e8re !<\/p>\n<p>Une carri\u00e8re en informatique n\u00e9cessite un engagement de votre part, mais aussi de celle de votre employeur.<\/p>\n<p>Travaillons ensemble \u00e0 la r\u00e9alisation de vos objectifs !<\/p>\n<p>Nos engagements:<\/p>\n<ul>\n<li>Nos engagements sont \u00e9crits dans les contrats de nos employ\u00e9s; pas de blabla !<\/li>\n<li>Notre soci\u00e9t\u00e9 est g\u00e9r\u00e9e par des informaticiens pour des informaticiens.<\/li>\n<li>Formations:\n<ul>\n<li>Au minimum une formation par an,<\/li>\n<li>Chaque passage de certification donne droit \u00e0 un bonus d\u00e9fini contractuellement,<\/li>\n<li>Un plan de carri\u00e8re d\u00e9fini ensemble sur base de vos objectifs,<\/li>\n<\/ul>\n<\/li>\n<li>Votre temps est pr\u00e9cieux :\n<ul>\n<li>Autant que possible, les entretiens se font via Skype,<\/li>\n<li>Lorsqu\u2019un face \u00e0 face est n\u00e9cessaire, c\u2019est nous qui nous d\u00e9pla\u00e7ons,<\/li>\n<\/ul>\n<\/li>\n<li>Vos missions, vos choix :\n<ul>\n<li>Pas de body-shopping: nous vous proposons des missions qui s\u2019inscrivent dans votre plan de carri\u00e8re et vous choisissez celles qui vous conviennent.<\/li>\n<\/ul>\n<\/li>\n<\/ul>\n<p>Pourquoi ?<br \/>Nous pr\u00e9f\u00e9rons une vision \u00e0 long terme :<\/p>\n<ul>\n<li>Des employ\u00e9s heureux sont la meilleure publicit\u00e9,<\/li>\n<li>Vous aider \u00e0 \u00e9voluer dans votre carri\u00e8re nous aide aussi \u00e0 rester une entreprise attractive et motivante.<\/li>\n<\/ul>\n<p>Parce qu\u2019un employ\u00e9 heureux est un informaticien plus efficace !<br \/>Nous rejoindre ?<br \/>Vous pouvez <a href=\"https:\/\/www.neko-san.eu\/index.php\/contacter-nous\/\">nous contacter<\/a> en ligne afin de discuter ensemble des opportunit\u00e9s que nous pouvons vous proposer.<\/p>\n\n\n<p><\/p>\n","protected":false},"excerpt":{"rendered":"<p>Faites d\u00e9coller votre carri\u00e8re ! Une carri\u00e8re en informatique n\u00e9cessite un engagement de votre part, mais aussi de celle de votre employeur. Travaillons ensemble \u00e0 la r\u00e9alisation de vos objectifs ! Nos engagements: Nos engagements sont \u00e9crits dans les contrats de nos employ\u00e9s; pas de blabla ! Notre soci\u00e9t\u00e9 est g\u00e9r\u00e9e par des informaticiens pour [&hellip;]<\/p>\n","protected":false},"author":1,"featured_media":0,"parent":0,"menu_order":0,"comment_status":"closed","ping_status":"closed","template":"","meta":{"saved_in_kubio":false,"jetpack_post_was_ever_published":false,"footnotes":""},"class_list":["post-16","page","type-page","status-publish","hentry"],"kubio_ai_page_context":{"short_desc":"","purpose":"general"},"yoast_head":"<!-- This site is optimized with the Yoast SEO plugin v27.4 - https:\/\/yoast.com\/product\/yoast-seo-wordpress\/ -->\n<title>Aux candidats - Neko-San<\/title>\n<meta name=\"description\" content=\"MCSE MCSA VMware Active Directory Job IT Carri\u00e8re IT Windows Server\" \/>\n<meta name=\"robots\" content=\"index, follow, max-snippet:-1, max-image-preview:large, max-video-preview:-1\" \/>\n<link rel=\"canonical\" href=\"https:\/\/www.neko-san.eu\/index.php\/aux-candidats\/\" \/>\n<meta property=\"og:locale\" content=\"fr_FR\" \/>\n<meta property=\"og:type\" content=\"article\" \/>\n<meta property=\"og:title\" content=\"Aux candidats - Neko-San\" \/>\n<meta property=\"og:description\" content=\"MCSE MCSA VMware Active Directory Job IT Carri\u00e8re IT Windows Server\" \/>\n<meta property=\"og:url\" content=\"https:\/\/www.neko-san.eu\/index.php\/aux-candidats\/\" \/>\n<meta property=\"og:site_name\" content=\"Neko-San\" \/>\n<meta property=\"article:modified_time\" content=\"2020-03-28T09:51:02+00:00\" \/>\n<meta name=\"twitter:card\" content=\"summary_large_image\" \/>\n<meta name=\"twitter:label1\" content=\"Dur\u00e9e de lecture estim\u00e9e\" \/>\n\t<meta name=\"twitter:data1\" content=\"1 minute\" \/>\n<script type=\"application\/ld+json\" class=\"yoast-schema-graph\">{\"@context\":\"https:\\\/\\\/schema.org\",\"@graph\":[{\"@type\":\"WebPage\",\"@id\":\"https:\\\/\\\/www.neko-san.eu\\\/index.php\\\/aux-candidats\\\/\",\"url\":\"https:\\\/\\\/www.neko-san.eu\\\/index.php\\\/aux-candidats\\\/\",\"name\":\"Aux candidats - Neko-San\",\"isPartOf\":{\"@id\":\"https:\\\/\\\/www.neko-san.eu\\\/#website\"},\"datePublished\":\"2018-03-16T15:22:27+00:00\",\"dateModified\":\"2020-03-28T09:51:02+00:00\",\"description\":\"MCSE MCSA VMware Active Directory Job IT Carri\u00e8re IT Windows Server\",\"breadcrumb\":{\"@id\":\"https:\\\/\\\/www.neko-san.eu\\\/index.php\\\/aux-candidats\\\/#breadcrumb\"},\"inLanguage\":\"fr-FR\",\"potentialAction\":[{\"@type\":\"ReadAction\",\"target\":[\"https:\\\/\\\/www.neko-san.eu\\\/index.php\\\/aux-candidats\\\/\"]}]},{\"@type\":\"BreadcrumbList\",\"@id\":\"https:\\\/\\\/www.neko-san.eu\\\/index.php\\\/aux-candidats\\\/#breadcrumb\",\"itemListElement\":[{\"@type\":\"ListItem\",\"position\":1,\"name\":\"Home\",\"item\":\"https:\\\/\\\/www.neko-san.eu\\\/\"},{\"@type\":\"ListItem\",\"position\":2,\"name\":\"Aux candidats\"}]},{\"@type\":\"WebSite\",\"@id\":\"https:\\\/\\\/www.neko-san.eu\\\/#website\",\"url\":\"https:\\\/\\\/www.neko-san.eu\\\/\",\"name\":\"Neko-San\",\"description\":\"BECAUSE IT&#039;S A SOLUTION FOR BUSINES!S!\",\"publisher\":{\"@id\":\"https:\\\/\\\/www.neko-san.eu\\\/#organization\"},\"potentialAction\":[{\"@type\":\"SearchAction\",\"target\":{\"@type\":\"EntryPoint\",\"urlTemplate\":\"https:\\\/\\\/www.neko-san.eu\\\/?s={search_term_string}\"},\"query-input\":{\"@type\":\"PropertyValueSpecification\",\"valueRequired\":true,\"valueName\":\"search_term_string\"}}],\"inLanguage\":\"fr-FR\"},{\"@type\":\"Organization\",\"@id\":\"https:\\\/\\\/www.neko-san.eu\\\/#organization\",\"name\":\"Neko-San\",\"url\":\"https:\\\/\\\/www.neko-san.eu\\\/\",\"logo\":{\"@type\":\"ImageObject\",\"inLanguage\":\"fr-FR\",\"@id\":\"https:\\\/\\\/www.neko-san.eu\\\/#\\\/schema\\\/logo\\\/image\\\/\",\"url\":\"https:\\\/\\\/i0.wp.com\\\/www.neko-san.eu\\\/wp-content\\\/uploads\\\/2024\\\/04\\\/catBlueCl-1.png?fit=810%2C781&ssl=1\",\"contentUrl\":\"https:\\\/\\\/i0.wp.com\\\/www.neko-san.eu\\\/wp-content\\\/uploads\\\/2024\\\/04\\\/catBlueCl-1.png?fit=810%2C781&ssl=1\",\"width\":810,\"height\":781,\"caption\":\"Neko-San\"},\"image\":{\"@id\":\"https:\\\/\\\/www.neko-san.eu\\\/#\\\/schema\\\/logo\\\/image\\\/\"}}]}<\/script>\n<!-- \/ Yoast SEO plugin. -->","yoast_head_json":{"title":"Aux candidats - Neko-San","description":"MCSE MCSA VMware Active Directory Job IT Carri\u00e8re IT Windows Server","robots":{"index":"index","follow":"follow","max-snippet":"max-snippet:-1","max-image-preview":"max-image-preview:large","max-video-preview":"max-video-preview:-1"},"canonical":"https:\/\/www.neko-san.eu\/index.php\/aux-candidats\/","og_locale":"fr_FR","og_type":"article","og_title":"Aux candidats - Neko-San","og_description":"MCSE MCSA VMware Active Directory Job IT Carri\u00e8re IT Windows Server","og_url":"https:\/\/www.neko-san.eu\/index.php\/aux-candidats\/","og_site_name":"Neko-San","article_modified_time":"2020-03-28T09:51:02+00:00","twitter_card":"summary_large_image","twitter_misc":{"Dur\u00e9e de lecture estim\u00e9e":"1 minute"},"schema":{"@context":"https:\/\/schema.org","@graph":[{"@type":"WebPage","@id":"https:\/\/www.neko-san.eu\/index.php\/aux-candidats\/","url":"https:\/\/www.neko-san.eu\/index.php\/aux-candidats\/","name":"Aux candidats - Neko-San","isPartOf":{"@id":"https:\/\/www.neko-san.eu\/#website"},"datePublished":"2018-03-16T15:22:27+00:00","dateModified":"2020-03-28T09:51:02+00:00","description":"MCSE MCSA VMware Active Directory Job IT Carri\u00e8re IT Windows Server","breadcrumb":{"@id":"https:\/\/www.neko-san.eu\/index.php\/aux-candidats\/#breadcrumb"},"inLanguage":"fr-FR","potentialAction":[{"@type":"ReadAction","target":["https:\/\/www.neko-san.eu\/index.php\/aux-candidats\/"]}]},{"@type":"BreadcrumbList","@id":"https:\/\/www.neko-san.eu\/index.php\/aux-candidats\/#breadcrumb","itemListElement":[{"@type":"ListItem","position":1,"name":"Home","item":"https:\/\/www.neko-san.eu\/"},{"@type":"ListItem","position":2,"name":"Aux candidats"}]},{"@type":"WebSite","@id":"https:\/\/www.neko-san.eu\/#website","url":"https:\/\/www.neko-san.eu\/","name":"Neko-San","description":"BECAUSE IT&#039;S A SOLUTION FOR BUSINES!S!","publisher":{"@id":"https:\/\/www.neko-san.eu\/#organization"},"potentialAction":[{"@type":"SearchAction","target":{"@type":"EntryPoint","urlTemplate":"https:\/\/www.neko-san.eu\/?s={search_term_string}"},"query-input":{"@type":"PropertyValueSpecification","valueRequired":true,"valueName":"search_term_string"}}],"inLanguage":"fr-FR"},{"@type":"Organization","@id":"https:\/\/www.neko-san.eu\/#organization","name":"Neko-San","url":"https:\/\/www.neko-san.eu\/","logo":{"@type":"ImageObject","inLanguage":"fr-FR","@id":"https:\/\/www.neko-san.eu\/#\/schema\/logo\/image\/","url":"https:\/\/i0.wp.com\/www.neko-san.eu\/wp-content\/uploads\/2024\/04\/catBlueCl-1.png?fit=810%2C781&ssl=1","contentUrl":"https:\/\/i0.wp.com\/www.neko-san.eu\/wp-content\/uploads\/2024\/04\/catBlueCl-1.png?fit=810%2C781&ssl=1","width":810,"height":781,"caption":"Neko-San"},"image":{"@id":"https:\/\/www.neko-san.eu\/#\/schema\/logo\/image\/"}}]}},"jetpack_sharing_enabled":true,"jetpack_shortlink":"https:\/\/wp.me\/Pag3p7-g","jetpack-related-posts":[],"_links":{"self":[{"href":"https:\/\/www.neko-san.eu\/index.php\/wp-json\/wp\/v2\/pages\/16","targetHints":{"allow":["GET"]}}],"collection":[{"href":"https:\/\/www.neko-san.eu\/index.php\/wp-json\/wp\/v2\/pages"}],"about":[{"href":"https:\/\/www.neko-san.eu\/index.php\/wp-json\/wp\/v2\/types\/page"}],"author":[{"embeddable":true,"href":"https:\/\/www.neko-san.eu\/index.php\/wp-json\/wp\/v2\/users\/1"}],"replies":[{"embeddable":true,"href":"https:\/\/www.neko-san.eu\/index.php\/wp-json\/wp\/v2\/comments?post=16"}],"version-history":[{"count":27,"href":"https:\/\/www.neko-san.eu\/index.php\/wp-json\/wp\/v2\/pages\/16\/revisions"}],"predecessor-version":[{"id":340,"href":"https:\/\/www.neko-san.eu\/index.php\/wp-json\/wp\/v2\/pages\/16\/revisions\/340"}],"wp:attachment":[{"href":"https:\/\/www.neko-san.eu\/index.php\/wp-json\/wp\/v2\/media?parent=16"}],"curies":[{"name":"wp","href":"https:\/\/api.w.org\/{rel}","templated":true}]}}